-0*z - 3*f. What are the prime factors of z?
2
Let c be (-5)/15 - 124/(-3). Let k = -24 + c. What are the prime factors of k?
17
Suppose -4 = -3*q - q. Let n = q - -19. List the prime factors of n.
2, 5
Suppose 5*l - 526 = 3*l. List the prime factors of l.
263
Suppose 5 = -c - 0, 3*d - 4*c + 19 = 0. Let k = -7 - d. What are the prime factors of k?
2, 3
Let o = -69 - -109. What are the prime factors of o?
2, 5
Let t = -11 + 30. Suppose 25 = 4*l - a, 2*l - t = -l + a. Let m(d) = d**3 - 5*d**2 - 5*d. What are the prime factors of m(l)?
2, 3
Let a = 2 + -3. Let c be 6/(-3) - 17/a. List the prime factors of (16/(-5))/((-6)/c).
2
Let r = 129 - -29. What are the prime factors of r?
2, 79
Suppose o - 394 = -5*i, -4*o = -0*i + i - 75. Let d = i + -42. Suppose -2*g = 3*p - 3*g - 23, 5*g = 2*p - d. List the prime factors of p.
2, 3
Suppose 3*m + 978 = 5*p + 2*m, -4*p = 2*m - 774. List the prime factors of p.
3, 5, 13
Suppose w = -w - 4. Let i be 2 - ((-2 - w) + -1). Suppose 13 = 4*v - i. What are the prime factors of v?
2
Let m be (-46)/(-4) + (-9)/18. Let o = 14 - m. List the prime factors of o.
3
Let p be -2 + (0 - -2) - -36. Suppose p = 5*t - 124. What are the prime factors of t?
2
Suppose -j = 4*m + 16, -5 - 7 = 5*j + 3*m. Suppose 3*x - 10 - 26 = j. List the prime factors of x.
2, 3
Suppose 0 = 9*j - j - 40. What are the prime factors of j?
5
Let i(z) = 0 + 2 + 1 - 26*z - 2. List the prime factors of i(-1).
3
Let s = -99 + 197. List the prime factors of s.
2, 7
Let y be ((-12)/5)/(1/10). Let l(m) = 36*m**2 - m + 1. Let p be l(1). Let f = y + p. What are the prime factors of f?
2, 3
Let w(y) = y**3 - y**2 - y + 1. Let n be w(2). List the prime factors of (6/n + -4)*-2.
2
Let h = -22 - -61. List the prime factors of h.
3, 13
Let a(x) = x**2 - 4*x - 4. Let r be a(4). Let m = -1 - r. What are the prime factors of m?
3
Let a be (4/6)/((-2)/(-6)). Suppose 2*z = -a*z + 20. Suppose -5*i = -z*r - 35, -2*i = i + 5*r - 37. List the prime factors of i.
3
Let f = -46 - -52. List the prime factors of f.
2, 3
Suppose -z = -7 - 21. What are the prime factors of z?
2, 7
Let u = -61 + 96. What are the prime factors of u?
5, 7
Let s(y) = y**2 - 3*y + 2. Let p be s(2). What are the prime factors of 4/(p + (-3)/(-12))?
2
Suppose 2*k - 7 = 1. Let a(y) = -k*y**2 + 0*y**2 + 5*y**2 - 4*y + 7. List the prime factors of a(6).
19
Let k(c) = 2*c + 6. Suppose 16 = 5*t - 9. What are the prime factors of k(t)?
2
Let s = 182 + -100. What are the prime factors of s?
2, 41
Let y(u) = 1 - 1 + 3 + 1 + 2*u. What are the prime factors of y(11)?
2, 13
Let u = 9 - -21. What are the prime factors of u?
2, 3, 5
What are the prime factors of 2466/45 - 12/15?
2, 3
Let i = -11 - -11. Let n = i + 27. What are the prime factors of n?
3
Let w(m) = -m**2 - 3 - 2*m + 5*m + 6*m. Let h = -12 - -20. What are the prime factors of w(h)?
5
Suppose -b - 4*q - 8 = 0, 6*b - 4*q - 32 = b. Suppose v + 7 = -4*f, -2*v + b*f - 1 = 1. Let m(i) = -i + 1. What are the prime factors of m(v)?
2
Let m(g) = -g**3 + 6*g**2 + 3*g - 1. Let a be m(-4). Let h(w) = -w**2 - 6*w - 7. Let t be h(-5). List the prime factors of t/8 + a/12.
2, 3
Let a be (6/(-9))/((-2)/6). Suppose 0*p + a*l = p - 7, 4*l - 4 = -4*p. List the prime factors of p.
3
Let m be (42/(-15))/((-2)/20). Let g = 0 + m. What are the prime factors of g?
2, 7
Let n(b) = b**2 + 10*b + 12. Let h be n(-14). Suppose -5*o + 5*g = -43 - 37, -h = -3*o - 2*g. What are the prime factors of o?
2, 5
Let f(m) = -m + 5. Let w = -5 - -5. Let n be f(w). Suppose 2*z - n*z = -12. List the prime factors of z.
2
Let k(g) = -g + 1. Let f be k(1). Suppose 3*z + 9 = -c, c + f - 1 = -z. List the prime factors of c.
2, 3
Let s be 2 - (-3*11 + 0). Suppose -2*c + s = 9. List the prime factors of c.
13
Suppose -18*g + 19*g = 163. What are the prime factors of g?
163
What are the prime factors of (50/(-125))/((-2)/490)?
2, 7
Let q(l) = 12*l**2 + l + 1. List the prime factors of q(1).
2, 7
Let s be (-1)/(-4) + (-68)/16. Let o = 7 + s. What are the prime factors of (-4 + o)*-2*1?
2
Suppose q + 6 = 2*q + 5*g, 2*g = 3*q - 52. List the prime factors of q.
2
What are the prime factors of (-2)/8 - (-6447)/28?
2, 5, 23
Let h = 2 - 0. Suppose c - 6 = -2*y, h*c - c - 2*y - 2 = 0. Suppose -c = -2*w - 0. What are the prime factors of w?
2
Let j(k) = k + 5. Let u(z) be the second derivative of z**4/12 + z**3/3 + 2*z**2 + z. Let b be u(-3). What are the prime factors of j(b)?
2, 3
Let t(q) = -2*q - 12. Let l be 2*1/(-1) + 4. Let j be l*(-3)/2 - 5. List the prime factors of t(j).
2
Suppose 6*j - 9*j = 54. Let v be (-2)/10 - (-119)/(-5). List the prime factors of (j/8)/(3/v).
2, 3
Let p(h) = -9*h**3 + 2*h + 1. Let w = 9 - 13. Let i be w/6 + 1/(-3). What are the prime factors of p(i)?
2
Suppose -32 = 5*k + 4*c + 3, -4*c = -4*k - 64. Let w = 8 + k. Let a = w - -5. What are the prime factors of a?
2
Let q(b) = -b**2 + 17*b + 25. Let u be q(18). Let t = 6 + -3. List the prime factors of 0 + -1 + t + u.
3
Suppose 2*v - 22 = -2*k, -13 = -2*k + 4*k - 5*v. List the prime factors of k.
2, 3
Let u = -4 - -15. Suppose a = u - 2. List the prime factors of a.
3
Let l(u) = -u - 5. Let i be l(-8). Let h be 3/9 + (-71)/(-3). Suppose -5*r + 0*j = j - h, -j - 16 = -i*r. What are the prime factors of r?
5
Let b = 10 - 4. Let p be -2 - (3*b)/(-1). Suppose v - p = -v. What are the prime factors of v?
2
Suppose u - 630 = -3*u + 3*c, 4*u - 4*c = 632. List the prime factors of u.
2, 3, 13
Let v(j) = -j**3 - 14*j**2 - j - 2. List the prime factors of v(-14).
2, 3
Suppose 5*j - 63 = -3*k + j, -6 = 2*j. What are the prime factors of k?
5
Suppose 2*s - 74 = -3*f, 3*f = 4*s - 7 - 105. What are the prime factors of s?
31
Let o(g) = -g**2 + 10*g + 5. List the prime factors of o(10).
5
Let p be (2 - 0)/((-5)/10). Let v(u) = 2*u**2 + 6*u + 6. What are the prime factors of v(p)?
2, 7
Let c be (-4)/14 + 2/7. Suppose -k = -2*t - 8, c = -6*t + 2*t - 16. What are the prime factors of ((-6)/3)/(-1 - k)?
2
Suppose -50 = -m - 4*m. Let x be (-2)/4 + 25/m. Suppose 32 = -x*b + 6*b. What are the prime factors of b?
2
Suppose 2*c + 4*l - 356 = -2*c, 0 = 2*c + 5*l - 175. What are the prime factors of c?
2, 3, 5
Let f = -4 - -4. Let q = f - 4. Let j = q + 9. What are the prime factors of j?
5
Let l(h) = -h**3 + 3*h**2 + 4*h. Suppose 5*u + 5 = 4*i, 3*i - 2 = 2*u - 2*i. Let p be 1*3*(-1)/u. What are the prime factors of l(p)?
2, 3
Suppose 7*q = 6*q + 9. List the prime factors of q.
3
Suppose -5*c + 53 = -32. Let d = 6 + c. What are the prime factors of d?
23
Let o(z) = -z**3 - 5*z**2 + 3*z - 8. Suppose -4*q - 3*i = 27, -2*q + 1 - 11 = -2*i. What are the prime factors of o(q)?
2, 5
Let r be 2/1 - (-1 - 2). Let p = 10 - -10. Suppose r*g = 4*g - 3*c + p, 3*c - 5 = 2*g. List the prime factors of g.
5
Let c be (-2 - -14)*(-1)/(-3). Let g = c - 0. Suppose 0 = l + 5*p - 2, -g*p = -0*l + l - 4. List the prime factors of l.
2, 3
Suppose 2*y = -3*h - 0*y + 254, 0 = 4*h - 2*y - 334. List the prime factors of h.
2, 3, 7
What are the prime factors of (-1)/(-4) + (-1950)/(-40)?
7
Let a = -24 + 48. Let m be 22/(-1 + -1) + -1. Let q = m + a. List the prime factors of q.
2, 3
Suppose 6*t - 5*j = t - 15, -8 = 4*j. Suppose 3*m + 19 - 82 = 0. Let d = t + m. List the prime factors of d.
2
Suppose 0 = 3*n + 4 + 92. List the prime factors of (24/n)/(2/(-72)).
3
Let g be 15/(-10)*(-2 + 0). Suppose 0 = g*i + 2*i + 35. Let w = 9 + i. What are the prime factors of w?
2
Let p = -6 + 9. Suppose 0 = -p*h + 5*h - 4. What are the prime factors of h?
2
Let f(k) = -k**3 - 2*k**2 - 3*k - 4. What are the prime factors of f(-5)?
2, 43
Suppose -3*b - 16 = k, 9*k = 4*k + b. Let h be -3*(20/(-6))/k. Let g = h + 28. What are the prime factors of g?
2, 3
Let c(z) = 17*z - 12. Let a be c(-9). List the prime factors of (4/3)/((-10)/a).
2, 11
Suppose -g - 2*g + 2*x + 421 = 0, -4*g - 2*x = -566. Suppose 2*i - 48 = d + d, 0 = 5*i + 2*d - g. What are the prime factors of i?
3
Let p(q) be the third derivative of 1/60*q**5 + 0*q + 7/24*q**4 - 2/3*q**3 + 0 + q**2. What are the prime factors of p(-8)?
2
Let d(r) = r**3 + 11*r**2 - 13*r + 13. List the prime factors of d(-12).
5
Suppose 0 = -4*z + z. Let k(a) = a**3 + a - 1. Let i be k(z). List the prime factors of 2*((-11)/i + -3).
2
Let w = 0 - -4. Sup